
-181
Let f(q) = -8*q**3 + 82*q**2 - 6*q - 128. Calculate f(10).
12
Let p(b) = -53*b - 27. What is p(2)?
-133
Let k(j) = 2*j**3 + 9*j**2 - 33*j - 126. What is k(-3)?
0
Let x(t) = -131*t + 1109. Determine x(8).
61
Let o(n) = -2*n**3 - 135*n**2 - 1929*n - 90. Calculate o(-47).
4
Let r(a) = -a**3 + 7*a**2 - 6*a - 4. Calculate r(8).
-116
Let v(m) = -1238*m - 18514. Give v(-15).
56
Let b(v) = v**3 - 40*v**2 + 44*v - 96. Give b(39).
99
Let s(j) = 4*j**3 + 5*j**2 - 91*j - 388. Determine s(-4).
-200
Let c(q) = -5410*q - 21639. Calculate c(-4).
1
Let j(g) = -3*g**2 - 27*g - 140. Give j(-8).
-116
Let j(y) = -3*y**2 - 697*y - 2076. Determine j(-3).
-12
Let q(k) = 4*k**2 - 12*k + 14. Calculate q(4).
30
Let f(m) = 18*m**2 + 194*m - 44. Calculate f(-11).
0
Let b(o) = -o**3 - 89*o**2 - 101*o - 1153. What is b(-88)?
-9
Let j(z) = z**2 - 75*z + 1407. Determine j(39).
3
Let b(i) = -2*i**2 - 6*i - 19. What is b(-5)?
-39
Let v(b) = -186*b - 726. Give v(-4).
18
Let x(w) = 22*w - 81. Determine x(7).
73
Let d(q) = -10*q**2 + 851*q + 1662. Give d(87).
9
Let n(r) = 3*r - 412. Give n(-5).
-427
Let c(w) = -7*w**2 - 1363*w + 4551. Give c(-198).
-3
Let x(f) = -2*f**3 - 40*f**2 + 51*f + 161. What is x(-21)?
-28
Let x(n) = 188*n - 1869. What is x(8)?
-365
Let o(d) = 17*d - 66. Determine o(3).
-15
Let y(p) = 63*p - 827. What is y(13)?
-8
Let g(m) = 2216*m + 13319. Give g(-6).
23
Let r(a) = 4*a**2 - 42*a + 92. Determine r(2).
24
Let z(s) = -26*s**3 - 52*s - 51. What is z(-1)?
27
Let f(w) = -91*w + 3575. Give f(41).
-156
Let k(y) = -3*y**2 + 281*y + 2761. Determine k(-9).
-11
Let o(y) = 7*y**2 + 303*y + 1175. What is o(-39)?
5
Let y(w) = -71*w + 430. Give y(6).
4
Let r(y) = y**2 + 89*y - 83. Give r(-89).
-83
Let j(l) = -2*l**3 + 29*l**2 - 48*l + 23. Calculate j(13).
-94
Let k(c) = c + 349. Determine k(22).
371
Let w(a) = -a**3 - 2*a**2 + 4*a + 14. Determine w(0).
14
Let a(m) = 4*m**3 - 430*m**2 - 218*m + 45. What is a(108)?
-171
Let y(i) = 381*i - 77728. What is y(204)?
-4
Let x(f) = 2*f**3 + 69*f**2 + 50*f + 504. Give x(-34).
-40
Let o(d) = -2*d**3 + d**2 + 3*d + 49. Give o(0).
49
Let l(x) = 6*x - 44. Give l(18).
64
Let b(l) = 31*l**2 - 17*l + 16. Give b(1).
30
Let z(j) = 4*j**3 + 35*j**2 - 10*j - 8. What is z(-8)?
264
Let a(v) = v**3 + 36*v**2 + 228*v + 28. Determine a(-28).
-84
Let p(f) = f**3 + 30*f**2 - 114*f - 492. What is p(-33)?
3
Let p(q) = 28*q - 2889. Determine p(103).
-5
Let h(o) = -7*o + 239. Determine h(20).
99
Let c(b) = -269*b - 2698. What is c(-10)?
-8
Let d(t) = -2*t**3 + 15*t**2 - 148*t + 1251. Determine d(8).
3
Let j(m) = -135*m - 5319. Calculate j(-40).
81
Let n(k) = 1266*k + 12663. Give n(-10).
3
Let f(c) = -c**3 + 132*c**2 - 882*c + 881. Determine f(125).
6
Let j(l) = 3*l**2 - 11*l - 67. What is j(-4)?
25
Let v(m) = m**3 - 9*m**2 + 13*m - 27. Determine v(6).
-57
Let z(f) = 3*f**3 + 12*f**2 + 13*f + 1. Determine z(-4).
-51
Let y(v) = 141*v + 560. What is y(-4)?
-4
Let j(b) = 47*b**2 - 3246*b + 68. What is j(69)?
-139
Let j(o) = -114*o**2 - 571*o + 2. Determine j(-5).
7
Let q(r) = r**3 + 13*r**2 + 48*r + 20. Determine q(-3).
-34
Let u(q) = 2269*q + 24945. Calculate u(-11).
-14
Let i(q) = -q**3 - 39*q**2 - 40*q - 15. Calculate i(-38).
61
Let f(z) = -z**3 + 23*z - 14. Calculate f(6).
-92
Let k(l) = -15*l + 1386. Calculate k(92).
6
Let w(l) = -l**2 - 108*l + 1448. What is w(12)?
8
Let m(p) = p**3 + 48*p**2 - 51*p - 57. Calculate m(-49).
41
Let t(l) = -50*l + 197. What is t(8)?
-203
Let c(t) = -15*t**2 - 167*t - 155. Calculate c(-10).
15
Let v(k) = k**2 + 19*k - 909. Determine v(-36).
-297
Let q(t) = 161*t - 1121. Calculate q(9).
328
Let u(i) = i**3 + 34*i**2 - 4*i - 435. Calculate u(-34).
-299
Let s(g) = 2*g**3 - 11*g**2 + 20*g - 63. Give s(5).
12
Let a(s) = -2*s**2 + 34*s + 623. Calculate a(-11).
7
Let f(b) = -3*b**2 - 53*b - 34. Determine f(-9).
200
Let f(r) = -2480*r - 4952. Give f(-2).
8
Let a(d) = -d**3 + 30*d**2 + 47*d + 4. What is a(31)?
500
Let z(u) = -3*u + 97. Determine z(16).
49
Let v(g) = -995*g - 8946. Determine v(-9).
9
Let b(m) = m**3 - 38*m**2 - 24*m - 594. Give b(39).
-9
Let l(d) = 213*d - 751. Determine l(3).
-112
Let c(a) = 126*a + 2887. Calculate c(-23).
-11
Let c(y) = -19*y**2 - 5*y - 3. Calculate c(3).
-189
Let d(w) = -17*w**2 + 1541*w + 552. Give d(91).
6
Let t(q) = q**3 - 27*q**2 + 276*q - 1029. Determine t(9).
-3
Let o(p) = -p**2 - p + 118. Give o(-11).
8
Let f(t) = 427*t - 12803. Determine f(30).
7
Let a(i) = -i + 27. Determine a(-17).
44
Let g(q) = -22*q + 116. Give g(5).
6
Let x(f) = f**3 - 23*f**2 - 101*f + 3448. Give x(18).
10
Let l(b) = 2207*b + 6637. Calculate l(-3).
16
Let m(c) = -c**2 - 31*c - 156. Determine m(-12).
72
Let f(n) = -n**2 - 9*n + 46. What is f(-10)?
36
Let g(z) = 5*z**3 + 3*z - 1. Give g(-2).
-47
Let o(s) = 2*s**3 + 253*s**2 - 2585*s - 131. What is o(-136)?
5
Let u(m) = -6*m**2 - 32*m + 8. What is u(6)?
-400
Let s(w) = -w**2 - 61*w + 87. Give s(-32).
1015
Let k(a) = a**3 - 18*a**2 - 83*a - 80. Calculate k(22).
30
Let u(c) = -175*c + 88. Give u(-2).
438
Let m(n) = -n**3 - 14*n**2 + 176*n - 18. What is m(-22)?
-18
Let l(b) = -b**2 + 25*b - 66. Calculate l(23).
-20
Let n(o) = -2*o**3 + 57*o**2 + 71*o - 61. What is n(30)?
-631
Let p(g) = -g**3 - g**2 + 10*g + 22. What is p(-2)?
6
Let r(x) = 2*x**2 - 12*x + 10. What is r(9)?
64
Let t(n) = -n**2 + 372*n + 1506. Determine t(-4).
2
Let a(c) = -53*c + 6637. Determine a(126).
-41
Let g(d) = -9*d**2 + 4*d + 5. Give g(0).
5
Let j(m) = m**2 + 10*m - 23. What is j(4)?
33
Let z(v) = 298*v - 461. Calculate z(2).
135
Let w(p) = -4*p**2 - 63*p - 262. Calculate w(-10).
-32
Let g(s) = 7*s - 144. Determine g(34).
94
Let x(a) = 341*a + 43657. What is x(-128)?
9
Let m(i) = 4979*i - 24886. Calculate m(5).
9
Let h(q) = -87*q + 2616. Give h(29).
93
Let s(p) = 822*p + 1527. Give s(-2).
-117
Let m(a) = 72*a + 77. Determine m(-1).
5
Let j(c) = -c**3 + 16*c**2 - 53*c - 11. What is j(11)?
11
Let w(k) = -4*k**2 - 175*k - 174. Give w(-1).
-3
Let o(w) = -38*w - 3060. Determine o(-80).
-20
Let y(u) = u**3 - 34*u**2 + u - 42. What is y(0)?
-42
Let t(i) = 128*i + 1021. What is t(-8)?
-3
Let n(y) = 2*y**3 - 17*y**2 + 47*y - 318. What is n(11)?
804
Let k(o) = -o**3 + 28*o**2 - 16*o + 1308. What is k(29)?
3
Let q(j) = j**3 - 138*j**2 + 3608*j - 245. Calculate q(103).
64
Let f(h) = 119*h - 33. What is f(4)?
443
Let z(d) = 2*d**2 - 48*d - 295. Determine z(-5).
-5
Let t(s) = -s**2 - 24*s - 142. Calculate t(-7).
-23
Let t(w) = -w**2 - 25*w - 128. What is t(-28)?
-212
Let j(f) = -f**3 - 20*f**2 + 777*f + 16297. Calculate j(-25).
-3
Let k(c) = -123*c - 1295. Give k(-13).
304
Let t(w) = w**2 - 81*w + 796. What is t(69)?
-32
Let q(p) = 24*p**2 + 209*p + 415. What is q(-2)?
93
Let x(p) = 10*p**3 - 17*p**2 + 6*p + 10. Give x(4).
402
Let d(h) = -466*h - 2728. Calculate d(-6).
68
Let b(a) = -a**2 - 832*a + 7558. Calculate b(9).
-11
Let f(z) = z**2 + 922*z + 20667. Calculate f(-23).
-10
Let b(f) = f**2 + 87*f - 1478. Calculate b(-101).
-64
Let c(f) = f**3 - 42*f**2 + 20*f - 44. Determine c(42).
796
Let p(a) = -a**2 + 10023*a + 70196. What is p(-7)?
-14
Let o(b) = -b**2 + 170*b - 3005. What is o(150)?
-5
Let b(h) = h**3 - 20*h**2 - 51*h + 180. Calculate b(22).
26
Let i(v) = v**3 - 25*v**2 - 87*v + 21. Determine i(28).
-63
Let d(m) = -102*m + 3166. Give d(31).
4
Let b(t) = -24*t**2 - 981*t + 128. What is b(-41)?
5
Let l(z) = z**3 - z**2 + 4*z + 8. Determine l(3).
38
Let h(v) = -v**2 + 217*v - 8815. What is h(54)?
-13
Let s(m) = 1608*m + 82014. Calculate s(-51).
6
Let t(h) = 302*h - 943. Calculate t(4).
265
Let b(d) = -d**3 - 11*d**2 + 96*d - 97. Calculate b(-17).
5
Let a(d) = 27*d**3 + d**2 - 12*d - 30. Determine a(-2).
-218
Let k(p) = 96*p**3 + 3*p + 4. Give k(-1).
-95
Let l(b) = -2*b**2 + 22*b + 81. What is l(14)?
-3
Let h(p) = -1177*p - 3532. Determine h(-3).
-1
Let i(z) = 146*z + 874. What is i(-6)?
-2
Let c(q) = -923*q + 5636. What is c(6)?
98
Let j(z) = -z**2 + 45*z - 379. Calculate j(10).
-29
Let c(t) = 27*t - 477. What is c(15)?
-72
Let i(y) = y**3 - 11*y**2 + 2*y + 106. Give i(10).
26
Let m(g) = -g**3 - 12*g**2 + 74*g + 304. Determine m(-3).
1
Let s(p) = -800*p - 225603. Give s(-282).
-3
Let o(x) = 8*x - 40. Determine o(-15).
-160
Let l(u) = 11*u**2 - 46*u - 595. What is l(-9)?
710
Let s(j) = -j**3 + 3